[INFO] fetching crate winrt-notification 0.2.2...
[INFO] checking winrt-notification-0.2.2 against master#af3c6e733a40e671550e0f0f5aeecaa13772ba56 for pr-74989
[INFO] extracting crate winrt-notification 0.2.2 into /workspace/builds/worker-1/source
[INFO] validating manifest of crates.io crate winrt-notification 0.2.2 on toolchain af3c6e733a40e671550e0f0f5aeecaa13772ba56
[INFO] running `Command { std: "/workspace/cargo-home/bin/cargo" "+af3c6e733a40e671550e0f0f5aeecaa13772ba56" "read-manifest" "--manifest-path" "Cargo.toml", kill_on_drop: false }`
[INFO] started tweaking crates.io crate winrt-notification 0.2.2
[INFO] finished tweaking crates.io crate winrt-notification 0.2.2
[INFO] tweaked toml for crates.io crate winrt-notification 0.2.2 written to /workspace/builds/worker-1/source/Cargo.toml
[INFO] running `Command { std: "/workspace/cargo-home/bin/cargo" "+af3c6e733a40e671550e0f0f5aeecaa13772ba56" "generate-lockfile" "--manifest-path" "Cargo.toml" "-Zno-index-update", kill_on_drop: false }`
[INFO] running `Command { std: "/workspace/cargo-home/bin/cargo" "+af3c6e733a40e671550e0f0f5aeecaa13772ba56" "fetch" "--locked" "--manifest-path" "Cargo.toml", kill_on_drop: false }`
[INFO] running `Command { std: "docker" "create" "-v" "/var/lib/crater-agent-workspace/builds/worker-1/target:/opt/rustwide/target:rw,Z" "-v" "/var/lib/crater-agent-workspace/builds/worker-1/source:/opt/rustwide/workdir:ro,Z" "-v" "/var/lib/crater-agent-workspace/cargo-home:/opt/rustwide/cargo-home:ro,Z" "-v" "/var/lib/crater-agent-workspace/rustup-home:/opt/rustwide/rustup-home:ro,Z" "-e" "SOURCE_DIR=/opt/rustwide/workdir" "-e" "CARGO_TARGET_DIR=/opt/rustwide/target" "-e" "CARGO_HOME=/opt/rustwide/cargo-home" "-e" "RUSTUP_HOME=/opt/rustwide/rustup-home" "-w" "/opt/rustwide/workdir" "-m" "1610612736" "--user" "0:0" "--network" "none" "rustops/crates-build-env@sha256:d92eaeed33fa75130ca1ee6c8a01d1ffb62bac859dfdfb3450e3e5d1c0146529" "/opt/rustwide/cargo-home/bin/cargo" "+af3c6e733a40e671550e0f0f5aeecaa13772ba56" "metadata" "--no-deps" "--format-version=1", kill_on_drop: false }`
[INFO] [stdout] 1887c3db59904a185b05ac9bfaa4b862ea207e8125c68855eb14eb784b95692b
[INFO] [stderr] WARNING: Your kernel does not support swap limit capabilities or the cgroup is not mounted. Memory limited without swap.
[INFO] running `Command { std: "docker" "start" "-a" "1887c3db59904a185b05ac9bfaa4b862ea207e8125c68855eb14eb784b95692b", kill_on_drop: false }`
[INFO] running `Command { std: "docker" "inspect" "1887c3db59904a185b05ac9bfaa4b862ea207e8125c68855eb14eb784b95692b", kill_on_drop: false }`
[INFO] running `Command { std: "docker" "rm" "-f" "1887c3db59904a185b05ac9bfaa4b862ea207e8125c68855eb14eb784b95692b", kill_on_drop: false }`
[INFO] [stdout] 1887c3db59904a185b05ac9bfaa4b862ea207e8125c68855eb14eb784b95692b
[INFO] running `Command { std: "docker" "create" "-v" "/var/lib/crater-agent-workspace/builds/worker-1/target:/opt/rustwide/target:rw,Z" "-v" "/var/lib/crater-agent-workspace/builds/worker-1/source:/opt/rustwide/workdir:ro,Z" "-v" "/var/lib/crater-agent-workspace/cargo-home:/opt/rustwide/cargo-home:ro,Z" "-v" "/var/lib/crater-agent-workspace/rustup-home:/opt/rustwide/rustup-home:ro,Z" "-e" "SOURCE_DIR=/opt/rustwide/workdir" "-e" "CARGO_TARGET_DIR=/opt/rustwide/target" "-e" "CARGO_INCREMENTAL=0" "-e" "RUST_BACKTRACE=full" "-e" "RUSTFLAGS=--cap-lints=forbid" "-e" "CARGO_HOME=/opt/rustwide/cargo-home" "-e" "RUSTUP_HOME=/opt/rustwide/rustup-home" "-w" "/opt/rustwide/workdir" "-m" "1610612736" "--user" "0:0" "--network" "none" "rustops/crates-build-env@sha256:d92eaeed33fa75130ca1ee6c8a01d1ffb62bac859dfdfb3450e3e5d1c0146529" "/opt/rustwide/cargo-home/bin/cargo" "+af3c6e733a40e671550e0f0f5aeecaa13772ba56" "check" "--frozen" "--all" "--all-targets" "--message-format=json", kill_on_drop: false }`
[INFO] [stdout] c84dfc299a99692ac4cda7da6e28cdb29bfa8dd432b2ebef7f427a919305b298
[INFO] [stderr] WARNING: Your kernel does not support swap limit capabilities or the cgroup is not mounted. Memory limited without swap.
[INFO] running `Command { std: "docker" "start" "-a" "c84dfc299a99692ac4cda7da6e28cdb29bfa8dd432b2ebef7f427a919305b298", kill_on_drop: false }`
[INFO] [stderr]    Compiling unicode-xid v0.0.4
[INFO] [stderr]    Compiling winapi v0.3.9
[INFO] [stderr]    Compiling quote v0.3.15
[INFO] [stderr]     Checking bitflags v0.9.1
[INFO] [stderr]     Checking strum v0.8.0
[INFO] [stderr]    Compiling synom v0.11.3
[INFO] [stderr]     Checking xml-rs v0.6.1
[INFO] [stderr]    Compiling syn v0.11.11
[INFO] [stderr]     Checking winrt v0.4.0
[INFO] [stderr]    Compiling strum_macros v0.8.0
[INFO] [stderr]     Checking winrt-notification v0.2.2 (/opt/rustwide/workdir)
[INFO] [stdout] error[E0433]: failed to resolve: could not find `windows` in `winrt`
[INFO] [stdout]   --> src/lib.rs:38:12
[INFO] [stdout]    |
[INFO] [stdout] 38 | use winrt::windows::data::xml::dom::IXmlDocumentIO;
[INFO] [stdout]    |            ^^^^^^^ could not find `windows` in `winrt`
[INFO] [stdout] 
[INFO] [stdout] 
[INFO] [stdout] error[E0433]: failed to resolve: could not find `windows` in `winrt`
[INFO] [stdout]   --> src/lib.rs:39:12
[INFO] [stdout]    |
[INFO] [stdout] 39 | use winrt::windows::ui::notifications::{ToastNotification, ToastNotificationManager};
[INFO] [stdout]    |            ^^^^^^^ could not find `windows` in `winrt`
[INFO] [stdout] 
[INFO] [stdout] 
[INFO] [stdout] error[E0433]: failed to resolve: could not find `windows` in `winrt`
[INFO] [stdout]   --> src/lib.rs:40:12
[INFO] [stdout]    |
[INFO] [stdout] 40 | use winrt::windows::ui::notifications::ToastTemplateType;
[INFO] [stdout]    |            ^^^^^^^ could not find `windows` in `winrt`
[INFO] [stdout] 
[INFO] [stdout] 
[INFO] [stdout] error[E0433]: failed to resolve: could not find `shared` in `winapi`
[INFO] [stdout]  --> src/windows_check.rs:4:13
[INFO] [stdout]   |
[INFO] [stdout] 4 | use winapi::shared::ntdef::NTSTATUS;
[INFO] [stdout]   |             ^^^^^^ could not find `shared` in `winapi`
[INFO] [stdout] 
[INFO] [stdout] 
[INFO] [stdout] error[E0433]: failed to resolve: could not find `shared` in `winapi`
[INFO] [stdout]  --> src/windows_check.rs:5:13
[INFO] [stdout]   |
[INFO] [stdout] 5 | use winapi::shared::minwindef::DWORD;
[INFO] [stdout]   |             ^^^^^^ could not find `shared` in `winapi`
[INFO] [stdout] 
[INFO] [stdout] 
[INFO] [stdout] error[E0433]: failed to resolve: could not find `shared` in `winapi`
[INFO] [stdout]  --> src/windows_check.rs:6:13
[INFO] [stdout]   |
[INFO] [stdout] 6 | use winapi::shared::ntstatus::STATUS_SUCCESS;
[INFO] [stdout]   |             ^^^^^^ could not find `shared` in `winapi`
[INFO] [stdout] 
[INFO] [stdout] 
[INFO] [stdout] error[E0433]: failed to resolve: could not find `um` in `winapi`
[INFO] [stdout]   --> src/windows_check.rs:12:13
[INFO] [stdout]    |
[INFO] [stdout] 12 | use winapi::um::winnt::OSVERSIONINFOEXW;
[INFO] [stdout]    |             ^^ could not find `um` in `winapi`
[INFO] [stdout] 
[INFO] [stdout] 
[INFO] [stdout] error[E0432]: unresolved imports `winrt::FastHString`, `winrt::RuntimeContext`
[INFO] [stdout]   --> src/lib.rs:37:13
[INFO] [stdout]    |
[INFO] [stdout] 37 | use winrt::{FastHString, RuntimeContext};
[INFO] [stdout]    |             ^^^^^^^^^^^  ^^^^^^^^^^^^^^ no `RuntimeContext` in the root
[INFO] [stdout]    |             |
[INFO] [stdout]    |             no `FastHString` in the root
[INFO] [stdout] 
[INFO] [stdout] 
[INFO] [stdout] error[E0432]: unresolved import `winrt::Error`
[INFO] [stdout]   --> src/lib.rs:48:9
[INFO] [stdout]    |
[INFO] [stdout] 48 | pub use winrt::Error;
[INFO] [stdout]    |         ^^^^^^^^^^^^ no `Error` in the root
[INFO] [stdout] 
[INFO] [stdout] 
[INFO] [stdout] error[E0433]: failed to resolve: could not find `windows` in `winrt`
[INFO] [stdout]   --> src/lib.rs:38:12
[INFO] [stdout]    |
[INFO] [stdout] 38 | use winrt::windows::data::xml::dom::IXmlDocumentIO;
[INFO] [stdout]    |            ^^^^^^^ could not find `windows` in `winrt`
[INFO] [stdout] 
[INFO] [stdout] 
[INFO] [stdout] error[E0433]: failed to resolve: could not find `windows` in `winrt`
[INFO] [stdout]   --> src/lib.rs:39:12
[INFO] [stdout]    |
[INFO] [stdout] 39 | use winrt::windows::ui::notifications::{ToastNotification, ToastNotificationManager};
[INFO] [stdout]    |            ^^^^^^^ could not find `windows` in `winrt`
[INFO] [stdout] 
[INFO] [stdout] 
[INFO] [stdout] error[E0433]: failed to resolve: could not find `windows` in `winrt`
[INFO] [stdout]   --> src/lib.rs:40:12
[INFO] [stdout]    |
[INFO] [stdout] 40 | use winrt::windows::ui::notifications::ToastTemplateType;
[INFO] [stdout]    |            ^^^^^^^ could not find `windows` in `winrt`
[INFO] [stdout] 
[INFO] [stdout] 
[INFO] [stdout] error[E0433]: failed to resolve: could not find `shared` in `winapi`
[INFO] [stdout]  --> src/windows_check.rs:4:13
[INFO] [stdout]   |
[INFO] [stdout] 4 | use winapi::shared::ntdef::NTSTATUS;
[INFO] [stdout]   |             ^^^^^^ could not find `shared` in `winapi`
[INFO] [stdout] 
[INFO] [stdout] 
[INFO] [stdout] error[E0433]: failed to resolve: could not find `shared` in `winapi`
[INFO] [stdout]  --> src/windows_check.rs:5:13
[INFO] [stdout]   |
[INFO] [stdout] 5 | use winapi::shared::minwindef::DWORD;
[INFO] [stdout]   |             ^^^^^^ could not find `shared` in `winapi`
[INFO] [stdout] 
[INFO] [stdout] 
[INFO] [stdout] error[E0433]: failed to resolve: could not find `shared` in `winapi`
[INFO] [stdout]  --> src/windows_check.rs:6:13
[INFO] [stdout]   |
[INFO] [stdout] 6 | use winapi::shared::ntstatus::STATUS_SUCCESS;
[INFO] [stdout]   |             ^^^^^^ could not find `shared` in `winapi`
[INFO] [stdout] 
[INFO] [stdout] 
[INFO] [stdout] error[E0433]: failed to resolve: could not find `um` in `winapi`
[INFO] [stdout]   --> src/windows_check.rs:12:13
[INFO] [stdout]    |
[INFO] [stdout] 12 | use winapi::um::winnt::OSVERSIONINFOEXW;
[INFO] [stdout]    |             ^^ could not find `um` in `winapi`
[INFO] [stdout] 
[INFO] [stdout] 
[INFO] [stdout] error[E0432]: unresolved imports `winrt::FastHString`, `winrt::RuntimeContext`
[INFO] [stdout]   --> src/lib.rs:37:13
[INFO] [stdout]    |
[INFO] [stdout] 37 | use winrt::{FastHString, RuntimeContext};
[INFO] [stdout]    |             ^^^^^^^^^^^  ^^^^^^^^^^^^^^ no `RuntimeContext` in the root
[INFO] [stdout]    |             |
[INFO] [stdout]    |             no `FastHString` in the root
[INFO] [stdout] 
[INFO] [stdout] 
[INFO] [stdout] error[E0432]: unresolved import `winrt::Error`
[INFO] [stdout]   --> src/lib.rs:48:9
[INFO] [stdout]    |
[INFO] [stdout] 48 | pub use winrt::Error;
[INFO] [stdout]    |         ^^^^^^^^^^^^ no `Error` in the root
[INFO] [stdout] 
[INFO] [stdout] 
[INFO] [stdout] error[E0433]: failed to resolve: use of undeclared type or module `ToastNotificationManager`
[INFO] [stdout]    --> src/lib.rs:280:13
[INFO] [stdout]     |
[INFO] [stdout] 280 |             ToastNotificationManager::get_template_content(ToastTemplateType::ToastText01).unwrap();
[INFO] [stdout]     |             ^^^^^^^^^^^^^^^^^^^^^^^^ use of undeclared type or module `ToastNotificationManager`
[INFO] [stdout] 
[INFO] [stdout] 
[INFO] [stdout] error[E0433]: failed to resolve: use of undeclared type or module `ToastTemplateType`
[INFO] [stdout]    --> src/lib.rs:280:60
[INFO] [stdout]     |
[INFO] [stdout] 280 |             ToastNotificationManager::get_template_content(ToastTemplateType::ToastText01).unwrap();
[INFO] [stdout]     |                                                            ^^^^^^^^^^^^^^^^^ use of undeclared type or module `ToastTemplateType`
[INFO] [stdout] 
[INFO] [stdout] 
[INFO] [stdout] error[E0433]: failed to resolve: use of undeclared type or module `ToastNotificationManager`
[INFO] [stdout]    --> src/lib.rs:280:13
[INFO] [stdout]     |
[INFO] [stdout] 280 |             ToastNotificationManager::get_template_content(ToastTemplateType::ToastText01).unwrap();
[INFO] [stdout]     |             ^^^^^^^^^^^^^^^^^^^^^^^^ use of undeclared type or module `ToastNotificationManager`
[INFO] [stdout] 
[INFO] [stdout] 
[INFO] [stdout] error[E0433]: failed to resolve: use of undeclared type or module `ToastTemplateType`
[INFO] [stdout]    --> src/lib.rs:280:60
[INFO] [stdout]     |
[INFO] [stdout] 280 |             ToastNotificationManager::get_template_content(ToastTemplateType::ToastText01).unwrap();
[INFO] [stdout]     |                                                            ^^^^^^^^^^^^^^^^^ use of undeclared type or module `ToastTemplateType`
[INFO] [stdout] 
[INFO] [stdout] 
[INFO] [stdout] error[E0433]: failed to resolve: use of undeclared type or module `ToastNotification`
[INFO] [stdout]    --> src/lib.rs:320:30
[INFO] [stdout]     |
[INFO] [stdout] 320 |         let toast_template = ToastNotification::create_toast_notification(&*toast_xml)?;
[INFO] [stdout]     |                              ^^^^^^^^^^^^^^^^^ use of undeclared type or module `ToastNotification`
[INFO] [stdout] 
[INFO] [stdout] 
[INFO] [stdout] error[E0433]: failed to resolve: use of undeclared type or module `ToastNotification`
[INFO] [stdout]    --> src/lib.rs:320:30
[INFO] [stdout]     |
[INFO] [stdout] 320 |         let toast_template = ToastNotification::create_toast_notification(&*toast_xml)?;
[INFO] [stdout]     |                              ^^^^^^^^^^^^^^^^^ use of undeclared type or module `ToastNotification`
[INFO] [stdout] 
[INFO] [stdout] 
[INFO] [stdout] error[E0433]: failed to resolve: use of undeclared type or module `ToastNotificationManager`
[INFO] [stdout]    --> src/lib.rs:324:34
[INFO] [stdout]     |
[INFO] [stdout] 324 |             let toast_notifier = ToastNotificationManager::create_toast_notifier_with_id(
[INFO] [stdout]     |                                  ^^^^^^^^^^^^^^^^^^^^^^^^ use of undeclared type or module `ToastNotificationManager`
[INFO] [stdout] 
[INFO] [stdout] 
[INFO] [stdout] error[E0412]: cannot find type `OSVERSIONINFOEXW` in this scope
[INFO] [stdout]   --> src/windows_check.rs:18:24
[INFO] [stdout]    |
[INFO] [stdout] 18 | type OSVERSIONINFOEX = OSVERSIONINFOEXW;
[INFO] [stdout]    |                        ^^^^^^^^^^^^^^^^ not found in this scope
[INFO] [stdout] 
[INFO] [stdout] 
[INFO] [stdout] error[E0412]: cannot find type `NTSTATUS` in this scope
[INFO] [stdout]   --> src/windows_check.rs:23:73
[INFO] [stdout]    |
[INFO] [stdout] 23 |     pub fn RtlGetVersion(lpVersionInformation: &mut OSVERSIONINFOEX) -> NTSTATUS;
[INFO] [stdout]    |                                                                         ^^^^^^^^ not found in this scope
[INFO] [stdout] 
[INFO] [stdout] 
[INFO] [stdout] error[E0412]: cannot find type `DWORD` in this scope
[INFO] [stdout]   --> src/windows_check.rs:29:68
[INFO] [stdout]    |
[INFO] [stdout] 29 |         info.dwOSVersionInfoSize = size_of::<OSVERSIONINFOEX>() as DWORD;
[INFO] [stdout]    |                                                                    ^^^^^ not found in this scope
[INFO] [stdout] 
[INFO] [stdout] 
[INFO] [stdout] error[E0433]: failed to resolve: use of undeclared type or module `ToastNotificationManager`
[INFO] [stdout]    --> src/lib.rs:324:34
[INFO] [stdout]     |
[INFO] [stdout] 324 |             let toast_notifier = ToastNotificationManager::create_toast_notifier_with_id(
[INFO] [stdout]     |                                  ^^^^^^^^^^^^^^^^^^^^^^^^ use of undeclared type or module `ToastNotificationManager`
[INFO] [stdout] 
[INFO] [stdout] 
[INFO] [stdout] error[E0412]: cannot find type `OSVERSIONINFOEXW` in this scope
[INFO] [stdout]   --> src/windows_check.rs:18:24
[INFO] [stdout]    |
[INFO] [stdout] 18 | type OSVERSIONINFOEX = OSVERSIONINFOEXW;
[INFO] [stdout]    |                        ^^^^^^^^^^^^^^^^ not found in this scope
[INFO] [stdout] 
[INFO] [stdout] 
[INFO] [stdout] error[E0412]: cannot find type `NTSTATUS` in this scope
[INFO] [stdout]   --> src/windows_check.rs:23:73
[INFO] [stdout]    |
[INFO] [stdout] 23 |     pub fn RtlGetVersion(lpVersionInformation: &mut OSVERSIONINFOEX) -> NTSTATUS;
[INFO] [stdout]    |                                                                         ^^^^^^^^ not found in this scope
[INFO] [stdout] 
[INFO] [stdout] 
[INFO] [stdout] error[E0412]: cannot find type `DWORD` in this scope
[INFO] [stdout]   --> src/windows_check.rs:29:68
[INFO] [stdout]    |
[INFO] [stdout] 29 |         info.dwOSVersionInfoSize = size_of::<OSVERSIONINFOEX>() as DWORD;
[INFO] [stdout]    |                                                                    ^^^^^ not found in this scope
[INFO] [stdout] 
[INFO] [stdout] 
[INFO] [stdout] error[E0425]: cannot find value `STATUS_SUCCESS` in this scope
[INFO] [stdout]   --> src/windows_check.rs:31:40
[INFO] [stdout]    |
[INFO] [stdout] 31 |         if RtlGetVersion(&mut info) == STATUS_SUCCESS {
[INFO] [stdout]    |                                        ^^^^^^^^^^^^^^ not found in this scope
[INFO] [stdout] 
[INFO] [stdout] 
[INFO] [stdout] error[E0412]: cannot find type `Error` in crate `winrt`
[INFO] [stdout]    --> src/lib.rs:275:45
[INFO] [stdout]     |
[INFO] [stdout] 275 |     pub fn show(&self) -> Result<(), winrt::Error> {
[INFO] [stdout]     |                                             ^^^^^ not found in `winrt`
[INFO] [stdout]     |
[INFO] [stdout] help: consider importing one of these items
[INFO] [stdout]     |
[INFO] [stdout] 37  | use fmt::Error;
[INFO] [stdout]     |
[INFO] [stdout] 37  | use std::error::Error;
[INFO] [stdout]     |
[INFO] [stdout] 37  | use std::io::Error;
[INFO] [stdout]     |
[INFO] [stdout] 37  | use xml::reader::Error;
[INFO] [stdout]     |
[INFO] [stdout]       and 1 other candidate
[INFO] [stdout] 
[INFO] [stdout] 
[INFO] [stdout] error[E0412]: cannot find type `IXmlDocumentIO` in this scope
[INFO] [stdout]    --> src/lib.rs:283:63
[INFO] [stdout]     |
[INFO] [stdout] 129 | impl Toast {
[INFO] [stdout]     |     - help: you might be missing a type parameter: `<IXmlDocumentIO>`
[INFO] [stdout] ...
[INFO] [stdout] 283 |         let toast_xml_as_xml_io = toast_xml.query_interface::<IXmlDocumentIO>().unwrap();
[INFO] [stdout]     |                                                               ^^^^^^^^^^^^^^ not found in this scope
[INFO] [stdout] 
[INFO] [stdout] 
[INFO] [stdout] error[E0425]: cannot find value `STATUS_SUCCESS` in this scope
[INFO] [stdout]   --> src/windows_check.rs:31:40
[INFO] [stdout]    |
[INFO] [stdout] 31 |         if RtlGetVersion(&mut info) == STATUS_SUCCESS {
[INFO] [stdout]    |                                        ^^^^^^^^^^^^^^ not found in this scope
[INFO] [stdout] 
[INFO] [stdout] 
[INFO] [stdout] error[E0412]: cannot find type `Error` in crate `winrt`
[INFO] [stdout]    --> src/lib.rs:275:45
[INFO] [stdout]     |
[INFO] [stdout] 275 |     pub fn show(&self) -> Result<(), winrt::Error> {
[INFO] [stdout]     |                                             ^^^^^ not found in `winrt`
[INFO] [stdout]     |
[INFO] [stdout] help: consider importing one of these items
[INFO] [stdout]     |
[INFO] [stdout] 37  | use fmt::Error;
[INFO] [stdout]     |
[INFO] [stdout] 37  | use std::error::Error;
[INFO] [stdout]     |
[INFO] [stdout] 37  | use std::io::Error;
[INFO] [stdout]     |
[INFO] [stdout] 37  | use xml::reader::Error;
[INFO] [stdout]     |
[INFO] [stdout]       and 1 other candidate
[INFO] [stdout] 
[INFO] [stdout] 
[INFO] [stdout] error[E0412]: cannot find type `IXmlDocumentIO` in this scope
[INFO] [stdout]    --> src/lib.rs:283:63
[INFO] [stdout]     |
[INFO] [stdout] 129 | impl Toast {
[INFO] [stdout]     |     - help: you might be missing a type parameter: `<IXmlDocumentIO>`
[INFO] [stdout] ...
[INFO] [stdout] 283 |         let toast_xml_as_xml_io = toast_xml.query_interface::<IXmlDocumentIO>().unwrap();
[INFO] [stdout]     |                                                               ^^^^^^^^^^^^^^ not found in this scope
[INFO] [stdout] 
[INFO] [stdout] 
[INFO] [stdout] error: aborting due to 19 previous errors
[INFO] [stdout] 
[INFO] [stdout] 
[INFO] [stdout] Some errors have detailed explanations: E0412, E0425, E0432, E0433.
[INFO] [stdout] 
[INFO] [stdout] For more information about an error, try `rustc --explain E0412`.
[INFO] [stdout] 
[INFO] [stderr] error: could not compile `winrt-notification`.
[INFO] [stderr] 
[INFO] [stderr] To learn more, run the command again with --verbose.
[INFO] [stderr] warning: build failed, waiting for other jobs to finish...
[INFO] [stdout] error: aborting due to 19 previous errors
[INFO] [stdout] 
[INFO] [stdout] 
[INFO] [stdout] Some errors have detailed explanations: E0412, E0425, E0432, E0433.
[INFO] [stdout] 
[INFO] [stdout] For more information about an error, try `rustc --explain E0412`.
[INFO] [stdout] 
[INFO] [stderr] error: build failed
[INFO] running `Command { std: "docker" "inspect" "c84dfc299a99692ac4cda7da6e28cdb29bfa8dd432b2ebef7f427a919305b298", kill_on_drop: false }`
[INFO] running `Command { std: "docker" "rm" "-f" "c84dfc299a99692ac4cda7da6e28cdb29bfa8dd432b2ebef7f427a919305b298", kill_on_drop: false }`
[INFO] [stdout] c84dfc299a99692ac4cda7da6e28cdb29bfa8dd432b2ebef7f427a919305b298
